867 and 1271.
31
Calculate the highest common factor of 165762 and 117.
9
What is the greatest common divisor of 8532 and 6004?
316
Calculate the greatest common factor of 136 and 8296.
136
Calculate the highest common factor of 167076 and 1053.
351
Calculate the highest common factor of 281213 and 87.
29
What is the highest common divisor of 92325 and 1525?
25
Calculate the greatest common factor of 696 and 410727.
87
Calculate the greatest common factor of 90 and 3186570.
30
What is the greatest common factor of 21656 and 344?
8
What is the highest common divisor of 13266 and 81?
9
What is the highest common factor of 3224 and 83080?
248
Calculate the greatest common divisor of 575 and 828.
23
What is the highest common divisor of 850720 and 195?
65
Calculate the greatest common divisor of 234 and 1451398.
26
Calculate the highest common factor of 399 and 273049.
133
What is the greatest common factor of 184266 and 522?
522
Calculate the greatest common factor of 23184 and 392.
56
What is the highest common factor of 6127 and 429?
11
What is the greatest common divisor of 704 and 12606?
22
Calculate the greatest common factor of 180 and 11295.
45
What is the greatest common divisor of 286 and 1650?
22
Calculate the highest common factor of 23855 and 871.
13
Calculate the greatest common divisor of 8 and 6582.
2
What is the highest common factor of 304 and 90704?
16
Calculate the highest common factor of 6894 and 234.
18
What is the greatest common divisor of 202 and 14?
2
What is the greatest common factor of 3958 and 122?
2
Calculate the greatest common factor of 543 and 282903.
543
What is the greatest common factor of 2080 and 49465?
65
What is the greatest common divisor of 50520 and 480?
120
What is the greatest common divisor of 933480 and 156?
12
What is the highest common factor of 470 and 1786?
94
What is the greatest common factor of 463820 and 140?
140
What is the highest common factor of 14 and 257936?
14
What is the greatest common divisor of 82576 and 6344?
104
What is the highest common divisor of 61072 and 11264?
176
What is the highest common divisor of 50 and 115?
5
What is the highest common divisor of 156549 and 9?
3
Calculate the highest common factor of 366 and 1374147.
183
What is the greatest common divisor of 8351 and 1?
1
What is the highest common factor of 75 and 10935?
15
What is the highest common factor of 111758 and 323?
323
What is the greatest common factor of 994796 and 132?
44
What is the highest common factor of 26942 and 646?
38
Calculate the highest common factor of 264 and 894.
6
Calculate the greatest common factor of 37076 and 260.
52
Calculate the greatest common factor of 367736 and 3207.
1069
Calculate the highest common divisor of 440 and 10640.
40
What is the highest common divisor of 5644 and 9962?
34
What is the highest common factor of 169 and 23803?
13
Calculate the highest common divisor of 19525 and 341.
11
What is the highest common divisor of 23428 and 8?
4
Calculate the greatest common factor of 3255 and 4395.
15
Calculate the highest common divisor of 21 and 71169.
21
What is the highest common divisor of 296560 and 11?
11
Calculate the greatest common factor of 1953 and 130200.
651
What is the highest common factor of 483 and 17549?
161
What is the greatest common divisor of 309470 and 210?
70
What is the highest common factor of 172972 and 249?
83
What is the greatest common divisor of 4227703 and 127?
127
What is the greatest common divisor of 23 and 569?
1
Calculate the highest common factor of 567 and 1347597.
81
What is the greatest common factor of 12915 and 1575?
315
Calculate the highest common factor of 66 and 713218.
22
What is the highest common factor of 224 and 1665944?
56
Calculate the highest common factor of 5874 and 218406.
534
What is the highest common factor of 216 and 3738888?
72
Calculate the highest common divisor of 519 and 141.
3
Calculate the highest common factor of 194 and 105827.
97
Calculate the greatest common divisor of 3078 and 90744.
114
Calculate the highest common factor of 19 and 7.
1
Calculate the greatest common divisor of 368 and 126638.
46
What is the greatest common factor of 248273 and 179?
179
What is the greatest common factor of 109339 and 53?
53
Calculate the highest common factor of 18882 and 48.
6
What is the greatest common factor of 2947 and 98?
7
Calculate the highest common divisor of 56 and 287112.
56
Calculate the greatest common factor of 960 and 14340.
60
What is the greatest common factor of 57717 and 5544?
99
What is the greatest common divisor of 44 and 19206?
22
What is the highest common factor of 28 and 4468?
4
Calculate the greatest common divisor of 14263 and 391.
17
What is the highest common factor of 15685 and 15?
5
What is the highest common factor of 105 and 2662100?
35
What is the highest common factor of 228 and 55746?
114
Calculate the highest common divisor of 1218 and 108083.
29
What is the greatest common divisor of 2600 and 54340?
260
What is the greatest common factor of 14280 and 340?
340
Calculate the greatest common factor of 693666 and 18.
18
What is the greatest common factor of 130662 and 1224?
306
What is the greatest common factor of 355772 and 116?
116
What is the highest common factor of 1746520 and 7520?
1880
Calculate the highest common factor of 60 and 3107970.
30
What is the highest common divisor of 692 and 48?
4
Calculate the highest common divisor of 2959 and 8339.
269
What is the greatest common divisor of 116966 and 233?
233
Calculate the greatest common divisor of 9336 and 120.
24
What is the highest common factor of 642 and 8256?
6
Calculate the greatest common factor of 2240 and 35686.
14
What is the highest common divisor of 15504 and 171?
57
Calculate the highest common factor of 63 and 854.
7
Calculate the greatest common factor of 38 and 10652236.
38
What is the highest common factor of 560 and 13880?
40
Calculate the greatest common factor of 4849 and 5356.
13
What is the highest common divisor of 121 and 29403?
121
Calculate the greatest common factor of 2584 and 1450916.
1292
What is the greatest common divisor of 341 and 897853?
341
Calculate the greatest common divisor of 126 and 446355.
63
What is the highest common divisor of 1029 and 139209?
147
What is the greatest common divisor of 30 and 13272?
6
Calculate the greatest common divisor of 1200 and 296.
8
What is the highest common factor of 216 and 163836?
108
Calculate the greatest common factor of 12 and 2788.
4
Calculate the highest common factor of 741 and 30875.
247
Calculate the highest common divisor of 15 and 159465.
15
What is the highest common factor of 27 and 203283?
27
Calculate the greatest common divisor of 872 and 6.
2
Calculate the greatest common divisor of 117 and 3096171.
117
What is the greatest common divisor of 16760 and 32?
8
Calculate the highest common factor of 500100 and 10.
10
What is the highest common factor of 817686 and 54?
18
What is the greatest common factor of 130572 and 416?
52
What is the highest common factor of 90846 and 1029?
147
What is the greatest common factor of 45 and 384867?
9
Calculate the greatest common factor of 25284 and 2021.
43
Calculate the greatest common factor of 11110 and 6446.
22
Calculate the highest common divisor of 26061 and 357.
357
Calculate the highest common factor of 2650620 and 210.
210
Calculate the highest common factor of 1952 and 6240.
32
What is the greatest common divisor of 2650 and 4240?
530
What is the greatest common factor of 264 and 161304?
264
What is the highest common factor of 702 and 2262?
78
What is the greatest common factor of 15 and 10240?
5
Calculate the greatest common divisor of 49686 and 126.
42
Calculate the highest common factor of 3672 and 255.
51
Calculate the greatest common factor of 538198 and 118.
118
Calculate the greatest common factor of 93 and 1479971.
31
Calculate the highest common factor of 44166 and 102.
102
Calculate the greatest common divisor of 522320 and 3200.
80
Calculate the highest common divisor of 33977 and 61.
61
What is the highest common factor of 188837 and 33?
11
Calculate the greatest common divisor of 6698 and 34714.
34
Calculate the greatest common factor of 2925 and 27105.
195
What is the 